me factors of 78128964?
2, 3, 709, 3061
What are the prime factors of 316792153?
167, 1896959
What are the prime factors of 87932342?
2, 19, 313, 7393
What are the prime factors of 8067451?
7, 1152493
What are the prime factors of 20309367?
3, 13, 29, 17957
What are the prime factors of 59256193?
19, 29, 41, 43, 61
List the prime factors of 3597997476.
2, 3, 41, 283, 25841
What are the prime factors of 2415707312?
2, 5711, 26437
What are the prime factors of 2362377645?
3, 5, 43, 661, 1847
What are the prime factors of 114821116?
2, 67, 73, 5869
What are the prime factors of 4294256519?
7, 19, 29, 37, 30091
List the prime factors of 1007286176.
2, 13, 17, 142433
List the prime factors of 464335024.
2, 3371, 8609
What are the prime factors of 4125451777?
43, 61, 1572799
What are the prime factors of 450061362?
2, 3, 331, 75539
List the prime factors of 492345483.
3, 7, 17, 271, 727
List the prime factors of 479764359.
3, 53307151
What are the prime factors of 972748326?
2, 3, 11, 53, 278087
What are the prime factors of 171263805?
3, 5, 461, 24767
What are the prime factors of 2115292020?
2, 3, 5, 509, 69263
What are the prime factors of 88300580?
2, 5, 59, 74831
What are the prime factors of 6181816908?
2, 3, 67, 101, 269, 283
What are the prime factors of 86062093?
13, 229, 28909
List the prime factors of 1780166048.
2, 2903, 19163
What are the prime factors of 6177782671?
6177782671
List the prime factors of 29287607.
19, 1541453
List the prime factors of 173239169.
19, 9117851
List the prime factors of 38214285.
3, 5, 2547619
What are the prime factors of 941010322?
2, 7, 433, 155231
List the prime factors of 170239672.
2, 21279959
List the prime factors of 22667022.
2, 3, 7, 179897
What are the prime factors of 348484429?
113, 691, 4463
List the prime factors of 120684265.
5, 13, 587, 3163
List the prime factors of 193358359.
193358359
What are the prime factors of 31962392?
2, 7, 11, 53, 89
List the prime factors of 429370760.
2, 5, 7, 13, 117959
What are the prime factors of 249564753?
3, 19, 486481
List the prime factors of 184168692.
2, 3, 5115797
List the prime factors of 64051268.
2, 997, 16061
What are the prime factors of 13118473?
59, 222347
What are the prime factors of 4704954?
2, 3, 17, 193, 239
What are the prime factors of 50513160?
2, 3, 5, 509, 827
What are the prime factors of 60434307?
3, 19, 43, 8219
List the prime factors of 37276418.
2, 18638209
What are the prime factors of 1166964?
2, 3, 31, 3137
List the prime factors of 2242227502.
2, 233, 4811647
List the prime factors of 138060246.
2, 3, 37, 621893
List the prime factors of 262864071.
3, 83, 293, 1201
What are the prime factors of 827129635?
5, 37, 4470971
What are the prime factors of 354579245?
5, 70915849
What are the prime factors of 45293642?
2, 109, 207769
List the prime factors of 10867834.
2, 5433917
What are the prime factors of 33702333?
3, 7, 19, 84467
List the prime factors of 129305060.
2, 5, 17, 380309
What are the prime factors of 319944396?
2, 3, 26662033
List the prime factors of 37018372.
2, 9254593
List the prime factors of 1776035257.
137, 12963761
List the prime factors of 99790020.
2, 3, 5, 11, 101, 499
What are the prime factors of 53828316?
2, 3, 1495231
What are the prime factors of 203930049?
3, 67976683
List the prime factors of 13775713.
7, 41, 6857
List the prime factors of 48471600.
2, 3, 5, 31, 1303
What are the prime factors of 85325857?
31, 2752447
List the prime factors of 560293355.
5, 1051, 106621
What are the prime factors of 128917582?
2, 64458791
What are the prime factors of 226601363?
709, 319607
What are the prime factors of 856911564?
2, 3, 37, 487, 1321
List the prime factors of 316665999.
3, 13, 83, 32609
List the prime factors of 236379887.
236379887
What are the prime factors of 30721568?
2, 960049
What are the prime factors of 129231451?
97, 1332283
List the prime factors of 3025815533.
13, 17, 3559, 3847
What are the prime factors of 298401105?
3, 5, 127, 156641
List the prime factors of 654953375.
5, 5239627
List the prime factors of 2390685515.
5, 89, 179, 30013
List the prime factors of 83927991.
3, 7, 53, 75407
List the prime factors of 2258076591.
3, 109, 2301811
What are the prime factors of 454736911?
43, 163, 64879
What are the prime factors of 57545222?
2, 7, 29, 41, 3457
What are the prime factors of 433258238?
2, 7, 163, 189859
List the prime factors of 36792209.
1291, 28499
List the prime factors of 666499633.
666499633
List the prime factors of 1154578260.
2, 3, 5, 11, 31, 56431
What are the prime factors of 86250223?
86250223
What are the prime factors of 92885796?
2, 3, 31, 83231
List the prime factors of 145745055.
3, 5, 1079593
What are the prime factors of 263197936?
2, 31, 530641
List the prime factors of 74589842.
2, 37294921
List the prime factors of 2447639422.
2, 1223819711
What are the prime factors of 279785732?
2, 69946433
List the prime factors of 2367115.
5, 19, 24917
What are the prime factors of 4805717576?
2, 11, 19, 67, 42899
What are the prime factors of 255269232?
2, 3, 431, 457
List the prime factors of 443205830.
2, 5, 44320583
List the prime factors of 37352037.
3, 113, 110183
What are the prime factors of 872357699?
872357699
List the prime factors of 1171137279.
3, 13, 30029161
What are the prime factors of 13849391?
13849391
What are the prime factors of 403542453?
3, 29, 4638419
List the prime factors of 95079666.
2, 3, 11, 31, 46471
List the prime factors of 50088363.
3, 13, 1284317
List the prime factors of 2572402.
2, 7, 26249
What are the prime factors of 238761657?
3, 19, 263, 5309
List the prime factors of 58683773.
53, 193, 5737
List the prime factors of 864096012.
2, 3, 13, 205151
List the prime factors of 77356714.
2, 19, 37, 1487
What are the prime factors of 810496100?
2, 5, 37, 219053
What are the prime factors of 78645132?
2, 3, 79, 27653
What are the prime factors of 54984756?
2, 3, 67, 68389
List the prime factors of 5014155217.
5014155217
List the prime factors of 147687484.
2, 7, 5274553
What are the prime factors of 701488582?
2, 1063, 329957
List the prime factors of 88951695.
3, 5, 7, 23, 36833
What are the prime factors of 19362437?
53, 61, 113
List the prime factors of 191255900.
2, 5, 11, 19, 9151
What are the prime factors of 3098187228?
2, 3, 258182269
What are the prime factors of 17345338?
2, 17, 510157
List the prime factors of 71002825.
5, 2840113
What are the prime factors of 31935751?
19, 67, 25087
List the prime factors of 224007039.
3, 2765519
What are the prime factors of 4655519?
11, 423229
List the prime factors of 579768307.
1361, 425987
List the prime factors of 1103271883.
7, 37, 613, 6949
List the prime factors of 150514581.
3, 7, 7167361
List the prime factors of 6417776.
2, 211, 1901
List the prime factors of 923767976.
2, 809, 142733
List the prime factors of 4185891322.
2, 2092945661
List the prime factors of 214080843.
3, 97, 735673
What are the prime factors of 404243724?
2, 3, 33686977
List the prime factors of 74985410.
2, 5, 313, 23957
What are the prime factors of 155592401?
23, 6764887
What are the prime factors of 39818619?
3, 4424291
What are the prime factors of 375991418?
2, 11, 19, 881, 1021
List the prime factors of 3011677717.
853, 3530689
List the prime factors of 122255524.
2, 53, 576677
What are the prime factors of 109464838?
2, 7, 89, 87853
List the prime factors of 4576866678.
2, 3, 254270371
List the prime factors of 27640936.
2, 769, 4493
List the prime factors of 2112428405.
5, 422485681
What are the prime factors of 1701254052?
2, 3, 3833, 12329
List the prime factors of 75076535.
5, 41, 366227
What are the prime factors of 76312580?
2, 5, 53, 71993
List the prime factors of 250185890.
2, 5, 79, 316691
What are the prime factors of 278036090?
2, 5, 3511, 7919
List the prime factors of 862119312.
2, 3, 17960819
What are the prime factors of 277735479?
3, 7, 31, 59, 1033
What are the prime factors of 2809042?
2, 67, 20963
What are the prime factors of 59438523?
3, 19812841
What are the prime factors of 712711863?
3, 5443, 14549
List the prime factors of 219169850.
2, 5, 4383397
What are the prime factors of 1753459488?
2, 3, 11, 89, 691
List the prime factors of 592093656.
2, 3, 7, 11, 19, 73
What are the